{"id":835,"date":"2018-10-16T11:24:48","date_gmt":"2018-10-16T11:24:48","guid":{"rendered":"http:\/\/genesisexpo.webgeniuslab.net\/?page_id=835"},"modified":"2023-11-01T12:20:09","modified_gmt":"2023-11-01T12:20:09","slug":"coming-soon","status":"publish","type":"page","link":"https:\/\/klaipedalights.lt\/","title":{"rendered":"Coming Soon"},"content":{"rendered":"<div class=\"wpb-content-wrapper\">[vc_row full_width=&#8221;stretch_row&#8221; full_height=&#8221;yes&#8221; content_placement=&#8221;middle&#8221; css=&#8221;.vc_custom_1698841206866{margin-top: -40px !important;margin-bottom: -40px !important;background-image: url(https:\/\/klaipedalights.lt\/wp-content\/uploads\/2023\/11\/Festivalis-5_out-scaled.jpg?id=1894) !important;background-position: center !important;background-repeat: no-repeat !important;background-size: cover !important;}&#8221; el_class=&#8221;acenter&#8221;][vc_column css=&#8221;.vc_custom_1525444096949{padding-top: 0px !important;}&#8221;][wgl_spacing spacer_size=&#8221;48px&#8221; height=&#8221;40px&#8221; responsive_es=&#8221;true&#8221; height_size_sm_desctop=&#8221;40&#8243; height_tablet=&#8221;33&#8243; height_mobile=&#8221;30&#8243;][vc_row_inner css=&#8221;.vc_custom_1528442321228{background-position: center !important;background-repeat: no-repeat !important;background-size: contain !important;}&#8221;][vc_column_inner css=&#8221;.vc_custom_1525425106509{padding-top: 0px !important;}&#8221;][wgl_spacing spacer_size=&#8221;25&#8243; height=&#8221;90px&#8221; responsive_es=&#8221;true&#8221; height_size_sm_desctop=&#8221;70px&#8221; height_tablet=&#8221;40px&#8221; height_mobile=&#8221;0&#8243;][wgl_custom_text font_size=&#8221;100&#8243; line_height=&#8221;110&#8243; line_height_tablet=&#8221;60px&#8221; line_height_mobile=&#8221;60px&#8221; text_color=&#8221;#313131&#8243; responsive_font_mobile=&#8221;true&#8221; font_size_mobile=&#8221;70&#8243; responsive_font_tablet=&#8221;true&#8221; font_size_tablet=&#8221;70&#8243;]\n<h1 style=\"text-align: center;\"><span style=\"color: #ffffff; font-weight: 900;\" class=\"genesisexpo_font-weight\">KLAIP\u0116DOS \u0160VIES\u0172 FESTIVALIS 2024<\/span><\/h1>\n[\/wgl_custom_text][wgl_spacing spacer_size=&#8221;60&#8243; height=&#8221;40px&#8221; responsive_es=&#8221;true&#8221; height_size_sm_desctop=&#8221;30&#8243; height_tablet=&#8221;20&#8243; height_mobile=&#8221;0&#8243;][\/vc_column_inner][\/vc_row_inner][vc_row_inner css=&#8221;.vc_custom_1525441653825{padding-top: 0px !important;}&#8221;][vc_column_inner css=&#8221;.vc_custom_1528442208961{padding-top: 0px !important;}&#8221;][wgl_countdown size=&#8221;custom&#8221; points_color=&#8221;rgba(255,255,255,0.25)&#8221; font_weight=&#8221;500&#8243; font_text_weight=&#8221;400&#8243; countdown_year=&#8221;2024&#8243; countdown_month=&#8221;02&#8243; countdown_day=&#8221;15&#8243; font_size=&#8221;100&#8243; font_size_number=&#8221;1&#8243; font_size_text=&#8221;0.22&#8243; countdown_hours=&#8221;0&#8243; countdown_min=&#8221;0&#8243; hide_seconds=&#8221;true&#8221;][\/vc_column_inner][\/vc_row_inner][wgl_spacing spacer_size=&#8221;93&#8243; height=&#8221;60px&#8221;][vc_row_inner][vc_column_inner width=&#8221;2\/3&#8243; offset=&#8221;vc_col-md-offset-3 vc_col-md-6 vc_col-sm-offset-2&#8243; css=&#8221;.vc_custom_1531386224073{padding-right: 5% !important;padding-left: 5% !important;}&#8221;][vc_column_text]\n<p style=\"text-align: center; font-size: 16px; line-height: 28px;\"><span style=\"color: #f4f4f4;\">Vykdomi svetain\u0117s tvarkymo darbai.<br \/>\nNetr\u016bkus pristatysime nauj\u0105 svetain\u0119, kurioje rasite i\u0161sami\u0105 informacij\u0105 apie art\u0117jant\u012f Klaip\u0117dos \u0161vies\u0173 festival\u012f.<\/span><\/p>\n[\/vc_column_text][\/vc_column_inner][\/vc_row_inner][wgl_spacing spacer_size=&#8221;43px&#8221; height=&#8221;20px&#8221;][vc_row_inner][vc_column_inner width=&#8221;1\/2&#8243; offset=&#8221;vc_col-md-offset-3 vc_col-md-6 vc_col-sm-offset-3&#8243; css=&#8221;.vc_custom_1539698651348{padding-right: 0px !important;padding-left: 0px !important;}&#8221;][vc_raw_html el_class=&#8221;wgl-mailchimp-2&#8243;]JTNDJTIxLS0lMjBCZWdpbiUyME1haWxDaGltcCUyMFNpZ251cCUyMEZvcm0lMjAtLSUzRSUwQSUzQ2RpdiUyMGlkJTNEJTIybWNfZW1iZWRfc2lnbnVwJTIyJTNFJTBBJTNDZm9ybSUyMGFjdGlvbiUzRCUyMmh0dHBzJTNBJTJGJTJGZmFjZWJvb2sudXMxNS5saXN0LW1hbmFnZS5jb20lMkZzdWJzY3JpYmUlMkZwb3N0JTNGdSUzRDExZmMzMDcwZjc4YzgzNTlmNGE0M2M2OTAlMjZhbXAlM0JpZCUzRDNiYmRlMmFjNTElMjIlMjBtZXRob2QlM0QlMjJwb3N0JTIyJTIwaWQlM0QlMjJtYy1lbWJlZGRlZC1zdWJzY3JpYmUtZm9ybSUyMiUyMG5hbWUlM0QlMjJtYy1lbWJlZGRlZC1zdWJzY3JpYmUtZm9ybSUyMiUyMGNsYXNzJTNEJTIydmFsaWRhdGUlMjIlMjB0YXJnZXQlM0QlMjJfYmxhbmslMjIlMjBub3ZhbGlkYXRlJTNFJTBBJTIwJTIwJTIwJTIwJTNDZGl2JTIwaWQlM0QlMjJtY19lbWJlZF9zaWdudXBfc2Nyb2xsJTIyJTNFJTBBJTA5JTBBJTNDZGl2JTIwY2xhc3MlM0QlMjJtYy1maWVsZC1ncm91cCUyMiUzRSUwQSUwOSUzQ2lucHV0JTIwdHlwZSUzRCUyMmVtYWlsJTIyJTIwdmFsdWUlM0QlMjIlMjIlMjBuYW1lJTNEJTIyRU1BSUwlMjIlMjBjbGFzcyUzRCUyMnJlcXVpcmVkJTIwZW1haWwlMjIlMjBwbGFjZWhvbGRlciUzRCUyMkVsLiUyMHBhJUM1JUExdGFzJTJBJTIyJTIwaWQlM0QlMjJtY2UtRU1BSUwlMjIlM0UlMEElM0MlMkZkaXYlM0UlM0NkaXYlMjBjbGFzcyUzRCUyMmJ1dHRvbi1zdWJtaXQlMjIlM0UlM0NpbnB1dCUyMHR5cGUlM0QlMjJzdWJtaXQlMjIlMjB2YWx1ZSUzRCUyMlByZW51bWVydW90aSUyMiUyMG5hbWUlM0QlMjJzdWJzY3JpYmUlMjIlMjBpZCUzRCUyMm1jLWVtYmVkZGVkLXN1YnNjcmliZSUyMiUyMGNsYXNzJTNEJTIyYnV0dG9uJTIyJTNFJTNDJTJGZGl2JTNFJTBBJTA5JTNDZGl2JTIwaWQlM0QlMjJtY2UtcmVzcG9uc2VzJTIyJTIwY2xhc3MlM0QlMjJjbGVhciUyMiUzRSUwQSUwOSUwOSUzQ2RpdiUyMGNsYXNzJTNEJTIycmVzcG9uc2UlMjIlMjBpZCUzRCUyMm1jZS1lcnJvci1yZXNwb25zZSUyMiUyMHN0eWxlJTNEJTIyZGlzcGxheSUzQW5vbmUlMjIlM0UlM0MlMkZkaXYlM0UlMEElMDklMDklM0NkaXYlMjBjbGFzcyUzRCUyMnJlc3BvbnNlJTIyJTIwaWQlM0QlMjJtY2Utc3VjY2Vzcy1yZXNwb25zZSUyMiUyMHN0eWxlJTNEJTIyZGlzcGxheSUzQW5vbmUlMjIlM0UlM0MlMkZkaXYlM0UlMEElMDklM0MlMkZkaXYlM0UlMjAlMjAlMjAlMjAlM0MlMjEtLSUyMHJlYWwlMjBwZW9wbGUlMjBzaG91bGQlMjBub3QlMjBmaWxsJTIwdGhpcyUyMGluJTIwYW5kJTIwZXhwZWN0JTIwZ29vZCUyMHRoaW5ncyUyMC0lMjBkbyUyMG5vdCUyMHJlbW92ZSUyMHRoaXMlMjBvciUyMHJpc2slMjBmb3JtJTIwYm90JTIwc2lnbnVwcy0tJTNFJTBBJTIwJTIwJTIwJTIwJTNDZGl2JTIwc3R5bGUlM0QlMjJwb3NpdGlvbiUzQSUyMGFic29sdXRlJTNCJTIwbGVmdCUzQSUyMC01MDAwcHglM0IlMjIlMjBhcmlhLWhpZGRlbiUzRCUyMnRydWUlMjIlM0UlM0NpbnB1dCUyMHR5cGUlM0QlMjJ0ZXh0JTIyJTIwbmFtZSUzRCUyMmJfMTFmYzMwNzBmNzhjODM1OWY0YTQzYzY5MF8zYmJkZTJhYzUxJTIyJTIwdGFiaW5kZXglM0QlMjItMSUyMiUyMHZhbHVlJTNEJTIyJTIyJTNFJTNDJTJGZGl2JTNFJTBBJTIwJTIwJTIwJTIwJTBBJTIwJTIwJTIwJTIwJTNDJTJGZGl2JTNFJTBBJTNDJTJGZm9ybSUzRSUwQSUzQyUyRmRpdiUzRSUwQSUzQ3NjcmlwdCUyMHR5cGUlM0QlMjd0ZXh0JTJGamF2YXNjcmlwdCUyNyUyMHNyYyUzRCUyNyUyRiUyRnMzLmFtYXpvbmF3cy5jb20lMkZkb3dubG9hZHMubWFpbGNoaW1wLmNvbSUyRmpzJTJGbWMtdmFsaWRhdGUuanMlMjclM0UlM0MlMkZzY3JpcHQlM0UlM0NzY3JpcHQlMjB0eXBlJTNEJTI3dGV4dCUyRmphdmFzY3JpcHQlMjclM0UlMjhmdW5jdGlvbiUyOCUyNCUyOSUyMCU3QndpbmRvdy5mbmFtZXMlMjAlM0QlMjBuZXclMjBBcnJheSUyOCUyOSUzQiUyMHdpbmRvdy5mdHlwZXMlMjAlM0QlMjBuZXclMjBBcnJheSUyOCUyOSUzQmZuYW1lcyU1QjAlNUQlM0QlMjdFTUFJTCUyNyUzQmZ0eXBlcyU1QjAlNUQlM0QlMjdlbWFpbCUyNyUzQmZuYW1lcyU1QjElNUQlM0QlMjdGTkFNRSUyNyUzQmZ0eXBlcyU1QjElNUQlM0QlMjd0ZXh0JTI3JTNCZm5hbWVzJTVCMiU1RCUzRCUyN0xOQU1FJTI3JTNCZnR5cGVzJTVCMiU1RCUzRCUyN3RleHQlMjclM0JmbmFtZXMlNUIzJTVEJTNEJTI3QUREUkVTUyUyNyUzQmZ0eXBlcyU1QjMlNUQlM0QlMjdhZGRyZXNzJTI3JTNCZm5hbWVzJTVCNCU1RCUzRCUyN1BIT05FJTI3JTNCZnR5cGVzJTVCNCU1RCUzRCUyN3Bob25lJTI3JTNCJTdEJTI4alF1ZXJ5JTI5JTI5JTNCdmFyJTIwJTI0bWNqJTIwJTNEJTIwalF1ZXJ5Lm5vQ29uZmxpY3QlMjh0cnVlJTI5JTNCJTNDJTJGc2NyaXB0JTNFJTBBJTNDJTIxLS1FbmQlMjBtY19lbWJlZF9zaWdudXAtLSUzRQ==[\/vc_raw_html][\/vc_column_inner][\/vc_row_inner][wgl_spacing spacer_size=&#8221;120&#8243; height=&#8221;130px&#8221;][vc_column_text]\n<p style=\"text-align: center; font-size: 14px; line-height: 28px;\"><span style=\"color: #ffffff; font-weight: 300;\" class=\"genesisexpo_font-weight\">\u00a9 2023 Klaip\u0117dos \u0161vies\u0173 festivalis. Visos teis\u0117s saugomos.<\/span><\/p>\n[\/vc_column_text][wgl_spacing spacer_size=&#8221;32&#8243; height=&#8221;130px&#8221;][\/vc_column][\/vc_row]\n<\/div>","protected":false},"excerpt":{"rendered":"<p>[vc_row full_width=&#8221;stretch_row&#8221; full_height=&#8221;yes&#8221; content_placement=&#8221;middle&#8221; css=&#8221;.vc_custom_1698841206866{margin-top: -40px !important;margin-bottom: -40px !important;background-image: url(https:\/\/klaipedalights.lt\/wp-content\/uploads\/2023\/11\/Festivalis-5_out-scaled.jpg?id=1894) !important;background-position: center !important;background-repeat: no-repeat !important;background-size: cover !important;}&#8221; el_class=&#8221;acenter&#8221;][vc_column css=&#8221;.vc_custom_1525444096949{padding-top: 0px !important;}&#8221;][wgl_spacing spacer_size=&#8221;48px&#8221; height=&#8221;40px&#8221; responsive_es=&#8221;true&#8221; height_size_sm_desctop=&#8221;40&#8243; height_tablet=&#8221;33&#8243; height_mobile=&#8221;30&#8243;][vc_row_inner css=&#8221;.vc_custom_1528442321228{background-position: center !important;background-repeat: no-repeat !important;background-size: contain !important;}&#8221;][vc_column_inner css=&#8221;.vc_custom_1525425106509{padding-top: 0px !important;}&#8221;][wgl_spacing spacer_size=&#8221;25&#8243; height=&#8221;90px&#8221; responsive_es=&#8221;true&#8221; height_size_sm_desctop=&#8221;70px&#8221; height_tablet=&#8221;40px&#8221; height_mobile=&#8221;0&#8243;][wgl_custom_text font_size=&#8221;100&#8243; line_height=&#8221;110&#8243; line_height_tablet=&#8221;60px&#8221; line_height_mobile=&#8221;60px&#8221; text_color=&#8221;#313131&#8243; responsive_font_mobile=&#8221;true&#8221; font_size_mobile=&#8221;70&#8243; responsive_font_tablet=&#8221;true&#8221; font_size_tablet=&#8221;70&#8243;] KLAIP\u0116DOS \u0160VIES\u0172 FESTIVALIS [&hellip;]<\/p>\n","protected":false},"author":1,"featured_media":0,"parent":0,"menu_order":0,"comment_status":"closed","ping_status":"closed","template":"template-full-width.php","meta":{"footnotes":""},"_links":{"self":[{"href":"https:\/\/klaipedalights.lt\/index.php?rest_route=\/wp\/v2\/pages\/835"}],"collection":[{"href":"https:\/\/klaipedalights.lt\/index.php?rest_route=\/wp\/v2\/pages"}],"about":[{"href":"https:\/\/klaipedalights.lt\/index.php?rest_route=\/wp\/v2\/types\/page"}],"author":[{"embeddable":true,"href":"https:\/\/klaipedalights.lt\/index.php?rest_route=\/wp\/v2\/users\/1"}],"replies":[{"embeddable":true,"href":"https:\/\/klaipedalights.lt\/index.php?rest_route=%2Fwp%2Fv2%2Fcomments&post=835"}],"version-history":[{"count":19,"href":"https:\/\/klaipedalights.lt\/index.php?rest_route=\/wp\/v2\/pages\/835\/revisions"}],"predecessor-version":[{"id":1896,"href":"https:\/\/klaipedalights.lt\/index.php?rest_route=\/wp\/v2\/pages\/835\/revisions\/1896"}],"wp:attachment":[{"href":"https:\/\/klaipedalights.lt\/index.php?rest_route=%2Fwp%2Fv2%2Fmedia&parent=835"}],"curies":[{"name":"wp","href":"https:\/\/api.w.org\/{rel}","templated":true}]}}